 - (-471)/18. Suppose -4*o + p = -26. List the prime factors of o.
13
Let r = 12973 - 7571. List the prime factors of r.
2, 37, 73
Let o(i) = i**2 + 2*i - 11. Suppose -4*b + 2*b + 4 = 0. Suppose 32 = -4*r - 5*x, 3*r + 12 = -b*x - 12. List the prime factors of o(r).
37
Let s(h) = -7*h**3 + 2*h**2 + 2*h + 1. Let n = 7 - 8. Let r be s(n). Suppose -u + 17 = -r. What are the prime factors of u?
5
Let v(y) = 88*y**2 + 21*y - 2. List the prime factors of v(-3).
727
Let g be 164/((-30)/9 - -4). Let h be (14/21)/(4/g). Suppose 3*k - 5*y + 3*y = h, 25 = 2*k + y. List the prime factors of k.
13
Suppose 2*o - 6324 = -2*l, -6*l + 3*l = 12. List the prime factors of o.
2, 1583
Let q be ((4/3)/(8/(-60)))/(-2). List the prime factors of q - 0/(-6) - -307.
2, 3, 13
Suppose 4 = -l - 12. Let q be 1/2 + (-56)/l. Suppose -4*k - 4*f + f + 87 = 0, -5*k = -q*f - 70. List the prime factors of k.
2, 3
Suppose 0 = q - 2*l + 49, 3*q + 245 = -2*q + 5*l. Let c be (-2)/7 + (-112)/q. Suppose -c*y = -15 + 5. What are the prime factors of y?
5
Let i(d) = 4*d. Let n be i(2). Suppose -5*v + 1252 = -723. List the prime factors of n/48 - v/(-6).
2, 3, 11
Suppose -j + 4*o - 9 = 0, -j + 6*j = -5*o + 30. Let n(m) = 3*m + 6. Let w(k) = k + 1. Let g(s) = j*n(s) - 6*w(s). List the prime factors of g(10).
2, 3, 7
Let n = -32 - -35. Suppose 18 + 297 = n*a. List the prime factors of a.
3, 5, 7
Let o be -4 + 58/4*12. Suppose 4*s = 4*a - 2*a + o, 2*s - 83 = -a. List the prime factors of s.
2, 3, 7
Suppose -12*s = -3*r - 8*s + 3055, -5*r - s + 5061 = 0. List the prime factors of r.
1013
Suppose -6*g - 124 = -2*g. Let f = g + 61. Let b = 69 - f. What are the prime factors of b?
3, 13
Let w(l) = 208*l + 467. What are the prime factors of w(19)?
3, 491
Suppose -51 = 5*f + 39. Let m be (-16)/(-6)*f/(-12). Suppose -3*a - d + 250 = -2*d, m*a + d - 324 = 0. List the prime factors of a.
2, 41
Suppose 0 = 3*t + 3*i - 3, t + 4*t - 15 = 5*i. Suppose 2*j - d - 5 = 0, 3*d = -5*j + 2*d + t. What are the prime factors of j*2/((-6)/(-99))?
3, 11
Suppose -6 = -6*k + 4*k. Suppose v - k = -1. Suppose -5*u + v*y = -167, -1 = 3*y + 2. What are the prime factors of u?
3, 11
Suppose -4*m + 8 = -0. Suppose 2*u - 8 = -m*u. Suppose t + 3 = -4*i + 30, u*i = 4*t. What are the prime factors of i?
2, 3
What are the prime factors of (-8 + 58/5)*40/3?
2, 3
Let f = 135 - 135. Suppose f = -5*j + 4*j - y + 122, 0 = 4*j - 2*y - 476. List the prime factors of j.
2, 3, 5
Suppose 2*y = -5*v + 13, 3*v + 3*y - 4*y - 10 = 0. Let l be (1/v)/((-1)/15). Let j = l + 13. List the prime factors of j.
2
Let r = -327 - -1039. Suppose 0*q = 4*q - r. List the prime factors of q.
2, 89
Suppose -4*h = 10*h - 3066. What are the prime factors of h?
3, 73
Let y(x) be the third derivative of x**5/30 + x**4/12 + 13*x**3/6 + 31*x**2. What are the prime factors of y(-5)?
53
Suppose -25 = -2*l + 5*v, -2*l + v = 3*l - 5. Suppose 4*k - 2*k - 158 = l. List the prime factors of k.
79
Let w(a) = 4*a + 2 - 1 + 1. Suppose -5*g = -4*g, z + 2*g = 10. List the prime factors of w(z).
2, 3, 7
Suppose -132 = -833*o + 800*o. Let k(n) = n - 1. Let d be k(5). Suppose -3*y = -3*w - 36, d*y = -o*w + w + 55. What are the prime factors of y?
13
Suppose -35*w + 3918 = -29*w. List the prime factors of w.
653
Suppose -658 = -2*u - 2*q + 3*q, -u = 5*q - 307. What are the prime factors of u?
3, 109
Suppose -2*q = -5*l - 20, 4*l + 11 = q - 2. Suppose 175 = -4*c + q*c. What are the prime factors of c?
5, 7
Let f = 1394 + 42. List the prime factors of f.
2, 359
Let q(d) = -2*d - 2. Let w be q(-4). Suppose 0 = -3*v + 5*o + 26, 3*v + 0*o + w = -3*o. List the prime factors of v - (2 - 1*48).
2, 3
Let r = 113 - 306. Let b = -108 - r. List the prime factors of b.
5, 17
Let q(n) = -3*n**2 + 7*n + 5. Let t be q(3). List the prime factors of 3 + (-1656)/27*(t - 2).
11, 17
Suppose -4*z - 8 = -4*s, z - 27 = -3*z - 3*s. Suppose 3*l = -5*j + 976, 5*l - z*l = -j + 198. What are the prime factors of j?
2, 97
Let o(a) = 7*a**2 - a - 6. Let w be o(5). Suppose w = 2*z + 40. What are the prime factors of z?
2, 31
Suppose 3*g = 13*g + 70. What are the prime factors of ((-18)/g)/((-12)/(-56))?
2, 3
Let c be (18/(-27))/(6/9). Let q(i) = -62*i**3 - i. What are the prime factors of q(c)?
3, 7
Let k(r) = r**2 - 6*r + 9. Let o be k(6). Let b = -18 + o. Let g = 74 + b. What are the prime factors of g?
5, 13
Suppose -m - 5*z = -52, -5*m + 2*m + 4*z + 232 = 0. List the prime factors of m.
2, 3
Let g(v) = -3*v - 7. Let t(d) = -5*d - 5. Let i be t(-3). Let j be 2/(-4 - -2) - i. What are the prime factors of g(j)?
2, 13
Suppose -j - 16 = -5*j. Suppose -j*i + 97 = -3. List the prime factors of i.
5
Let f(d) = -d**2 - 11*d - 4. Let a be f(-6). Suppose 0 = -a*h + 24*h + 620. What are the prime factors of h?
2, 5, 31
Let k(b) = 2*b**3 + 31*b**2 + 18*b - 12. Let y be k(-13). Let r = -381 + y. What are the prime factors of r?
2, 109
Let a = -1141 + 2751. What are the prime factors of a?
2, 5, 7, 23
Suppose -6*c - 7 = -25. Let f = 37 - c. List the prime factors of f.
2, 17
Let x(o) = 4*o**2 - 11*o - 53. What are the prime factors of x(14)?
577
Suppose 2*b + 250 = -3*b. What are the prime factors of 1*(-283)/(-5) - b/125?
3, 19
Suppose -144*m = -3*z - 149*m + 11549, z + 4*m = 3845. List the prime factors of z.
3853
Suppose 528 + 5852 = 10*z. What are the prime factors of z?
2, 11, 29
Suppose -3*h = 5*j - 5*h - 1380, 3*h - 849 = -3*j. What are the prime factors of j/8 + 13/52?
5, 7
Let v(z) = -33*z + 35. What are the prime factors of v(-8)?
13, 23
Let d = 654 + -206. List the prime factors of d.
2, 7
Let a(j) = -j**3 + 11*j**2 - 4*j + 3. Let r = 15 + -11. Let z(v) = 2*v**3 - 22*v**2 + 7*v - 6. Let k(u) = r*z(u) + 9*a(u). List the prime factors of k(10).
23
Let n(i) = -3146*i**3 - 3*i**2 - 7*i - 5. What are the prime factors of n(-1)?
5, 17, 37
Suppose -115 = -17*t - 30. Let j(n) = 75*n**2 + 2*n - 1. Let h be j(1). Suppose h = -t*g + 7*g. List the prime factors of g.
2, 19
Suppose -7*h = -1492 - 566. What are the prime factors of h?
2, 3, 7
Suppose 11*u - 1131 = 4237. List the prime factors of u.
2, 61
Suppose -12 = -4*r + 3*g, 5*g = 3*r - 0*r - 9. Suppose -r = -2*j + 3. Suppose 5*f - 113 = 4*y, 8*f = j*f + 5*y + 110. What are the prime factors of f?
5
Let g(r) = -2*r + 1. Let c be 2/7 + 138/(-42). Let y be g(c). What are the prime factors of y/(0 - 2/(-12))?
2, 3, 7
Suppose -3*v + 2*r = -3729, -12*v + 16*v + r - 4961 = 0. List the prime factors of v.
17, 73
Let a(y) = 4*y - 110. What are the prime factors of a(30)?
2, 5
Suppose 0 = -15*t + 10304 - 2984. What are the prime factors of t?
2, 61
Let k = 1440 + -715. List the prime factors of k.
5, 29
Suppose 0 = -c - 4*c + 460. Suppose -3*u + c = -94. Let m = u - 32. What are the prime factors of m?
2, 3, 5
Let z be (-956)/(-12) - 1/(-3). List the prime factors of (72/20)/(12/z).
2, 3
Let k = -33 - -35. Let x be k/(-4)*16*7. What are the prime factors of (-7 - -9) + (1 - x)?
59
Let y(g) = -11*g**3 - 2*g**2 - g. Let f be y(-1). Suppose 2*o - 12 - f = 0. Let k(w) = -w**3 + 10*w**2 + 11*w + 4. List the prime factors of k(o).
2
Suppose w + 14 = -2*n + 3*w, -2*w + 10 = 0. Let x be (-10 - (2 - 11)) + 1*28. Let q = n + x. List the prime factors of q.
5
Suppose -36*m + 38*m = 2876. List the prime factors of m.
2, 719
Suppose 11*z = 12*z - 152. Let h = 262 - z. What are the prime factors of h?
2, 5, 11
Suppose 0 = 2*c - 4*n - 4080, -2 = -3*n + 13. List the prime factors of c.
2, 5, 41
Let k(x) = -89*x - 55. What are the prime factors of k(-4)?
7, 43
Let y(s) = 12*s**2 + 21*s + 149. What are the prime factors of y(-10)?
17, 67
Let q(w) = -66*w - 12. Let b be 7*1/2*-2. Let g be q(b). What are the prime factors of 2/6 + g/27?
17
Let y be (0 - (-2)/4) + (-10)/(-4). Suppose 0 = 2*b + a - y*a - 70, -5*b + 2*a = -175. List the prime factors of b.
5, 7
Suppose -104*q + 3*x = -106*q + 1122, -3*q + 1681 = 4*x. List the prime factors of q.
3, 5, 37
Let i(z) = 84*z + 477. List the prime factors of i(14).
3, 19, 29
Let z(m) = 2*m + 1. Let v be z(4). Suppose -2*j = 7 - 13. Suppose -j*g + 1 = n - 14, 3*g - v = n. List the prime factors of g.
2
Let j(q) = 3 + 1 + 29*q - 6 + 3. What are the prime factors of j(3)?
2, 11
Let f be (-104)/10*(-115)/(-46). What are the prime factors of 74/5*(f/(-4) 